- w + 363 = 0. Calculate the remainder when v is divided by 41.
39
What is the remainder when 58 is divided by 7392/147 - (-2)/(-7)?
8
Let n be (0 - -3 - 73) + 5. Let l = 89 + n. What is the remainder when l is divided by 7?
3
Let q(k) = -k**2 - 21*k - 2. Let d = -122 - -145. Calculate the remainder when q(-9) is divided by d.
14
Suppose -2*u - 16 = -98. Let j = u + 5. Calculate the remainder when j is divided by 16.
14
Suppose 0 = 3*h - 4*n - 271, -6*h + 3*n - 99 = -7*h. Suppose 2*t - 4*b + 2*b - 40 = 0, 2*t - 4*b = 48. Calculate the remainder when h is divided by t.
13
Suppose -2*s - 14 = -2*n, -10*n + 13*n - 20 = 2*s. Suppose 76 = 4*q - 4*l, 2*q - 4*q + 4*l + 34 = 0. Calculate the remainder when q is divided by n.
3
Suppose -3*d - 225 = -3*g, g - 6*g + 340 = 2*d. Calculate the remainder when g is divided by 5.
0
Suppose 0 = -0*c - c + 8. Suppose -476*g + 320 = -460*g. Calculate the remainder when g is divided by c.
4
Suppose 4*p - 3*p + 0*p = 0. Suppose -3*t + 27 = t + 5*m, p = 3*t + 5*m - 24. What is the remainder when 12 is divided by t?
0
Suppose 3 + 1 = -4*z. Let g(i) = -10*i. Let t(b) = b**2 + 2*b - 29. What is the remainder when t(-8) is divided by g(z)?
9
Let p(i) = i**2 + 25*i + 177. What is the remainder when p(-17) is divided by 21?
20
Let g(n) = -n**3 + 5*n**2 + 4*n - 2. Let m be g(4). Suppose 3*y + y - 31 = -3*d, d + 4*y = -3. Let q = m - d. Calculate the remainder when q is divided by 4.
1
Calculate the remainder when 11 is divided by (33/(-44))/(12/(-80)).
1
Let r(u) = u**3 - 9*u**2 + 7*u + 22. Calculate the remainder when r(10) is divided by 68.
56
Let b(i) = -i**2 - i + 9. Suppose 2*c + 16 = 8. Let y be b(c). Let o = y - -32. What is the remainder when o is divided by 16?
13
Suppose 0 = 7*t - 3*t. Suppose 195 = 5*o - t*o. Calculate the remainder when 154 is divided by o.
37
Suppose -9*m + 1779 = -885. Calculate the remainder when m is divided by 50.
46
Let f = -416 - -637. What is the remainder when f is divided by 6?
5
Let u(h) = -h + 82. Calculate the remainder when 146 is divided by u(32).
46
Let n be (-8)/5*3450/12. Calculate the remainder when (n/(-30))/((-2)/(-6)) is divided by 12.
10
Suppose 0 = -2*v + 32 - 10. Let a = 0 - -4. Suppose 0 = a*t + 2*y - 154, 0 = t - 6*t + 3*y + 220. What is the remainder when t is divided by v?
8
What is the remainder when 5 + -2 + 339*(-6)/(-18) is divided by 21?
11
Suppose 216*b = 229*b - 949. What is the remainder when b is divided by 26?
21
Let i be 3/(-2) + (-5)/(-10). Let x = 10 - i. What is the remainder when x is divided by 5?
1
Suppose 4*c - 573 = -3*d, -c + 142 = -2*d - 15. Calculate the remainder when c is divided by 38.
33
Suppose 0 = -3*u - 14 + 44. What is the remainder when 196 is divided by (-26)/(-65) + 396/u?
36
Let m(u) = u**2 + 7*u + 4. Let w be m(-5). Let r = -40 + 71. Calculate the remainder when r is divided by (-52)/w + 4/(-6).
7
Let x(r) = 2*r + 91. Calculate the remainder when x(13) is divided by 7.
5
Suppose -4*u = 23 - 7, 5*u = -3*a - 56. Calculate the remainder when 27 is divided by 4*(-6)/(a/5).
7
Let n = -25 - -45. Calculate the remainder when n is divided by 12.
8
Suppose 23*k + 11*k = 510. Let l(v) = -v**2 - v + 55. Calculate the remainder when l(0) is divided by k.
10
Let g(b) = -b**3 + 6*b**2 - 5*b + 8. Let z be g(5). Calculate the remainder when 105 is divided by 18/z*(-224)/(-42).
9
Suppose 0 = -19*d + 26*d - 154. What is the remainder when 43 is divided by d?
21
Let x = 0 - -5. Suppose 2*g - 1 = u + x*g, -5*u = -3*g - 31. Suppose 55 = 5*o + 5*s, 2*o + 2*s = u*s + 12. What is the remainder when 26 is divided by o?
8
Suppose -o - 19 = 4*x, 6*x = 5*o + x - 5. Calculate the remainder when -60*((-10)/3 - o) is divided by 13.
7
Suppose -667 = -3*j + 2*a, 4*a - 52 = -j + 147. Calculate the remainder when j is divided by 62.
33
Suppose 0 = -2*r + 21 + 19. Calculate the remainder when 236 is divided by r.
16
Suppose 38 - 114 = -4*n. Suppose 417 = 9*h + 84. Calculate the remainder when h is divided by n.
18
Suppose 8 = 2*w - 54. Let v = w - -9. What is the remainder when 77 is divided by v?
37
Suppose j - 49 + 10 = 0. Calculate the remainder when 127 is divided by j.
10
Let g(u) = 88*u - 603. What is the remainder when 3/(-6) + (-354)/(-4) is divided by g(7)?
10
Let o = -309 + 322. What is the remainder when o is divided by 9?
4
Suppose 5*d - 5*g - 4 = 1, -4*d + 2*g = -2. Suppose 5*r + d = -2*w - 7, 3 = 3*w + 3*r. Calculate the remainder when 29 is divided by w/(12/15) + 3.
5
Suppose 17 = -q + 4. Let m(d) = d + 17. What is the remainder when 8 is divided by m(q)?
0
Let a = -104 + 107. Suppose a*x = -4*d + 99, 2*x + 43 = 2*d - 3*x. Calculate the remainder when d is divided by 5.
4
Let r(m) = 22*m - 14. Let q = -18 + 30. Calculate the remainder when r(2) is divided by q.
6
Suppose 0 = -18*n - 2*n + 1460. What is the remainder when 508 is divided by n?
70
Let k = -1 + 2. Let o be (-1 - k)/(5/(-20)). What is the remainder when (-6)/(-3)*36/o is divided by 5?
4
Let n(k) = 146*k - 100. Calculate the remainder when n(1) is divided by 25.
21
Let r(z) = 3*z**2 - z + 2. Calculate the remainder when 97 is divided by r(3).
19
Calculate the remainder when 31 is divided by (-2 - 2) + -8 + 31.
12
Let n = 454 - 439. Calculate the remainder when 27 is divided by n.
12
Let m(h) = -h**3 + 42*h**2 - 39*h + 77. What is the remainder when m(41) is divided by 9?
6
Suppose 0 = 3*x + 109 + 20. Let j = x + 88. Calculate the remainder when j is divided by 12.
9
Let v = -88 + 99. What is the remainder when 144/40 + -3 - (-394)/10 is divided by v?
7
Let p = -7 - -2. Let h be (-14)/p + 3/15. Calculate the remainder when 58 is divided by (h - 7)/4 + 16.
13
Let p(u) = u**3 + 10*u**2 + 11*u + 22. Calculate the remainder when p(-9) is divided by (-14)/(-35) + (-36)/(-10).
0
Let r = -46 + 31. Let i = -12 - r. Suppose 0 = -3*t - i*y + 60 - 9, -70 = -5*t - 2*y. Calculate the remainder when 46 is divided by t.
10
Suppose 2*w = 3*s - 64, 16*s + 3*w - 114 = 10*s. Let c be 110/3 - 1/(-3). Suppose c = 2*t - 79. What is the remainder when t is divided by s?
18
Suppose 6*m = m. Let t(u) = u**3 + u**2 - u - 59. Let f be t(m). Let l = f + 134. Calculate the remainder when l is divided by 19.
18
Let z be 0*(-1)/3*-1. Let q(i) = -i**2 + i + 63. Calculate the remainder when q(z) is divided by (-109)/(-5) - 7/(140/(-4)).
19
Suppose 17 = j + 5. Let r = 9 + j. Suppose 4*c = l + 8, 4*c - 3*c - 29 = -2*l. What is the remainder when r is divided by l?
9
Let c be (-2 - -4 - -6)/(-2). Let t = 13 - c. Calculate the remainder when 84 is divided by t.
16
Suppose 423 + 627 = 21*o. Calculate the remainder when 497 is divided by o.
47
Let t(r) = r**2 + r - 7. Let c(w) = -w**2 - 4*w + 30. What is the remainder when t(-6) is divided by c(-7)?
5
Suppose 3*a - 233 = -197. What is the remainder when 23 is divided by a?
11
Suppose 0*n + 18 = 2*n. Suppose 4*d = d + n. Suppose -6*r + 76 = -d*r - 5*z, -58 = -4*r - 2*z. What is the remainder when 67 is divided by r?
16
Suppose 3*x - 2*r + 3 = -2, x + 3*r + 9 = 0. Calculate the remainder when 63 is divided by 8/(-12) - 71/x.
17
Let f(v) = 87*v**2 - 6*v + 6. Calculate the remainder when f(1) is divided by 28.
3
Let p(s) = 12*s - 215. Calculate the remainder when 324 is divided by p(23).
19
Let p(w) = 3*w**3 - 2*w**2 - 2*w - 9. Let o(b) = 2*b**3 - b**2 - b - 5. Let f(c) = -5*o(c) + 3*p(c). What is the remainder when f(-2) is divided by 4?
0
Let i = -928 + 1134. What is the remainder when i is divided by 106?
100
Suppose 4*r - 5*t - 8 = -0*r, -16 = -4*t. What is the remainder when ((-143)/(-286))/((-2 - -4)/72) is divided by r?
4
Suppose -46*t + 2736 = 11*t. Calculate the remainder when 253 is divided by t.
13
Let m(u) = -u**2 - 5*u - 4. Let w be m(-4). Suppose -3*z - z + 128 = w. Calculate the remainder when z is divided by ((-18)/14 + 1)/((-390)/23205).
15
Let u = 18 + 2. Let y(o) = -o**2 + 4*o + 14. Let l be y(6). Suppose -l*q = 4*p - 158, 5*p - 4*q = 154 + 24. What is the remainder when p is divided by u?
18
Let f(u) = u**3 + 3*u**2 - 3*u + 20. Calculate the remainder when f(5) is divided by 106.
99
Let o(n) = 23 - 16 - 4 - 17 - 12*n. What is the remainder when 227 is divided by o(-5)?
43
Let h = 154 - 135. What is the remainder when 72 is divided by h?
15
Suppose -5*a + 78 = 